p = -4*k + 78, -5*p + 26 + 36 = 3*k. Suppose 5*c = y - 22, -2*y + 2*c + 18 = 3*y. Suppose 0 = -y*h + 53 + k. What are the prime factors of h?
2, 3
Let d(a) = 14*a**2 + 26*a + 76. List the prime factors of d(-9).
2, 61
Suppose 14*f = 5*f + 4050. What are the prime factors of f?
2, 3, 5
Let q(z) = -2*z**3 - 2*z**2 - 4. Let p(c) = -19*c + 6. Let j be p(9). Let v be (-4)/(-30) - (-517)/j. What are the prime factors of q(v)?
2
Let w(z) = z**3 + 24*z**2 - 8*z - 66. List the prime factors of w(-24).
2, 3, 7
Let p = -457 - -259. Let x = p + 294. Suppose -5*s = -x - 9. List the prime factors of s.
3, 7
Suppose 3*w - 5*u = 196, w + 2*u - 136 = -w. Let k = w + -23. What are the prime factors of k?
2, 11
List the prime factors of 1/5 - 7242/(-15).
3, 7, 23
Let r(y) = -5*y**2 - 7*y - 1. Let j be r(6). Let i = 470 + j. List the prime factors of i.
13, 19
Let v(q) = 24*q**2 + 58*q - 451. List the prime factors of v(10).
3, 281
Let c(l) = l**3 - 7*l**2 - 1. Let h be c(7). Let b = 1 + h. Suppose 3*w + 5*u - 6 = b, -3*w = -u - 10 - 14. What are the prime factors of w?
7
Suppose -2*i + 2 = -3*q, i - q = 4*q - 6. Suppose -r - n - i*n = 0, 0 = -3*n. Suppose r*w = -6*w + 114. What are the prime factors of w?
19
Let v = 66 - 42. Suppose -3*h - v = -3*d, -d - 3*h = -3 - 1. List the prime factors of d.
7
Let i(p) = -7*p - 22. Let o be i(7). Let h = -32 - o. List the prime factors of h.
3, 13
Let q = 440 + -217. Suppose q = 2*p + 3*k, 0 = 4*p - 6*k + 8*k - 450. List the prime factors of p.
113
Suppose 625 = 8*r - 3*r. Suppose 5*m - r = 760. List the prime factors of m.
3, 59
Let p(t) = 607*t + 54. What are the prime factors of p(3)?
3, 5
Let m(v) = 259*v - 56. List the prime factors of m(3).
7, 103
Suppose 1422 = 5*g - 43. Let v = 451 - g. List the prime factors of v.
2, 79
Let u be -1*3/6*-40. Suppose -5*t = -9*d + 4*d + u, 5*t + 10 = 3*d. Suppose -5*z = -d - 40. List the prime factors of z.
3
Suppose j = -0 + 2. Suppose j*v + 17 = -q, 3*q = -6 - 3. Let g = v + 15. List the prime factors of g.
2
Let z(b) = -b**2 + 83*b - 83. What are the prime factors of z(33)?
1567
List the prime factors of (12714/52)/(3/(-24)*-4).
3, 163
Let r(b) = 3*b - 2*b**3 + b**2 - 2*b**2 - 12 - 2*b**2 + 3*b**3. List the prime factors of r(5).
53
Let h(v) = -1 - 13*v + 4*v**2 + 11*v - 3*v**2 + 8*v. Let w be -18*(1 + 1/(-2)). What are the prime factors of h(w)?
2, 13
Suppose -y = 16 + 17. Let z = y + 63. Suppose -j = -4*j + z. What are the prime factors of j?
2, 5
Let z(g) = -2*g**3 + 5*g**2 + 2*g - 2. Suppose -2*j = 3*j - m + 17, j - 2*m + 7 = 0. List the prime factors of z(j).
7, 13
Suppose -2*r = -z - 5, 2*z = 2 + 4. Suppose x - 7 = -5*m, r*m + 5*x = m - 9. Suppose d + 2 = g, -3*d = -5 + m. List the prime factors of g.
3
Suppose 0*f = -4*f + 12. Suppose 5*w = -f + 8. List the prime factors of 4/w - (6 - 7).
5
Suppose 5*r = g + 31, 4*g = 2*r + r - 22. Let w(s) = -s**3 + 8*s**2 + 2*s + 2. What are the prime factors of w(r)?
2, 43
Suppose -12712 = -4*d + 4*l, 12 = -4*l - 8. List the prime factors of d.
19, 167
Suppose 0 = 3*a - a + 2, 5*a + 137 = -2*m. Let c = m - -204. List the prime factors of c.
2, 3, 23
Let t = 3576 + -2207. What are the prime factors of t?
37
Suppose -4*m + 1691 = 5*u, -112 = -m + 3*u + 298. List the prime factors of m.
419
Suppose 329*r = 345*r - 37408. What are the prime factors of r?
2, 7, 167
Let t = 886 - -290. List the prime factors of t.
2, 3, 7
Suppose -17666 = -30*d + 14974. List the prime factors of d.
2, 17
Let q be (-6)/(-10) + (-102)/(-30). Suppose c - 55 = 32. Suppose 3*h + q*z = c, 5*h - 6*z + z = 145. List the prime factors of h.
29
Let b(p) = -6*p + 9. Let g(u) = -5*u + 9. Let r(o) = -6*b(o) + 7*g(o). What are the prime factors of r(-5)?
2
Let x = 51 + -27. Suppose 28 = -2*a - 5*d, -2*a - 21 = 3*d - 1. Let l = x + a. List the prime factors of l.
2, 5
Let d = 19 - 21. What are the prime factors of (26*18/42)/(d/(-14))?
2, 3, 13
Let x = -7 - -10. Suppose -3*s = 6, -63 - 72 = -3*t + x*s. Suppose -5*d - n + t = -4*n, 4*n = -2*d + 12. List the prime factors of d.
2
Let v(o) = 162*o - 130. List the prime factors of v(19).
2, 11, 67
Suppose 5*t + 1 = -4. Let n = 4 - t. Suppose n*i - 17 = -3*s, 5*i + 6 = -19. List the prime factors of s.
2, 7
Let o = 209 - 132. List the prime factors of o.
7, 11
Suppose -31*q = 5*d - 29*q - 5966, 0 = -2*d - 3*q + 2393. What are the prime factors of d?
2, 149
Let r be -4*7/56*(4 + -2). Let x = -6 + 10. Let j = r + x. What are the prime factors of j?
3
Suppose -q = -3*q. Let l be q + 8 + (5 - 9). Suppose -t - l*t = -265. What are the prime factors of t?
53
Suppose 3101 = 21*m - 4753. What are the prime factors of m?
2, 11, 17
Let o(q) = 19*q**2 - 17*q - 108. What are the prime factors of o(-6)?
2, 3, 113
Let s(k) = -354*k - 407. What are the prime factors of s(-13)?
5, 839
Let i = -405 - -792. What are the prime factors of i?
3, 43
Suppose -3*m = 4*o - 6, 4*m = 6*m + 3*o - 4. Suppose -3*n + 100 = -5*f, m*n = -5*f + 7 + 18. List the prime factors of n.
5
Suppose 4*v - 5*a - 5591 = -0*a, 3*v - 3*a - 4194 = 0. What are the prime factors of v?
1399
Suppose 0 = -v + 4*r - 24, 5*v + 7*r - 2*r = 5. List the prime factors of (-1)/v - (-2254)/8.
2, 3, 47
Suppose -2*f + 317 = 5*o - 0*o, 2*o + 2*f - 122 = 0. What are the prime factors of o?
5, 13
Let i(n) = 2*n + 3. Let a be i(10). List the prime factors of (-8)/(3 - a/7).
2, 7
Let z = 5951 - 3832. What are the prime factors of z?
13, 163
Suppose -c - 6 = -4*c. Suppose -4*j + 390 = 4*a - c*j, -388 = -4*a - 4*j. What are the prime factors of a?
2, 7
Let w = 224 + -159. Suppose 25 = -5*v + w. List the prime factors of v.
2
Suppose -1 - 42 = -g. Suppose -5*y - g = -3*b, 3*b - 12 + 2 = 2*y. Let w = y + 13. What are the prime factors of w?
2
Suppose -h = -62 - 56. Suppose 9*b = 11*b - h. Suppose 171 + b = 5*o. What are the prime factors of o?
2, 23
Suppose 0 = b - 40 - 57. Let v = b - 59. What are the prime factors of v?
2, 19
Let w = 1317 - -1199. What are the prime factors of w?
2, 17, 37
Suppose -5*o + o + 61 = -5*s, -4*o - 2*s + 54 = 0. Suppose -o*g - 11 = -15*g. What are the prime factors of g?
11
Suppose 20 = 2*x + 2*x. Suppose 3*u + 13 = -b, 0*b - x*u - 29 = -2*b. Let y(s) = 7*s - 3. List the prime factors of y(b).
11
Let b(g) = g**3 - 7*g**2 - 7*g - 5. Let i be b(8). Suppose -96 = -6*r + i*r. List the prime factors of r.
2
Suppose 0 = -7*n + 2*n. Let i be (1 + n)*(-9)/(-3). Suppose -i*k + 15 + 9 = 0. List the prime factors of k.
2
Let u(o) = o**3 + 9*o**2 + 9*o + 2. Suppose 0 + 59 = -3*g - y, 43 = -g - 5*y. Let x = -24 - g. What are the prime factors of u(x)?
2, 7
Suppose j + 2 = 17. Let r = j - -8. What are the prime factors of r?
23
Let m(c) = 23*c + 118. List the prime factors of m(30).
2, 101
What are the prime factors of 1/5 + (90244/55 - 5)?
2, 409
Suppose 0 = 23*b - 20*b. Suppose 5*s + 4*a - 1265 = b, -a = 2*a - 15. What are the prime factors of s?
3, 83
Suppose -10*x = 607 - 2867. What are the prime factors of x?
2, 113
Suppose -3*c - 147 = -2*x + x, 0 = -4*x + 2*c + 638. Suppose i = -8*i + x. What are the prime factors of i?
2, 3
Let a = 55 - -345. Suppose v + a = 5*v. Suppose -4*f = f - v. List the prime factors of f.
2, 5
Let w(x) = -4*x**3 + 72*x**2 + 21*x + 29. List the prime factors of w(18).
11, 37
Let o = 2 - -2. Suppose -3*u + 13 = -0*f + 5*f, -u - o*f + 2 = 0. Suppose -b + u*b = 15. What are the prime factors of b?
3
Let r(c) = c**2 + 10*c - 2. Let l(v) = -v**3 + 7*v**2 + 7. Let m be l(7). Let w = m + -18. What are the prime factors of r(w)?
3
Let m = -3 - -6. Let v be 963/108 - 3/(-36). Suppose 134 = 2*d - 3*p - p, v = -m*p. What are the prime factors of d?
61
Suppose 34*h - 22*h = 18264. What are the prime factors of h?
2, 761
What are the prime factors of (144/(-60))/((-9)/(-30))*-197?
2, 197
Suppose 3634 = -4*b + 24554. What are the prime factors of b?
2, 5, 523
List the prime factors of (14 - 9) + (69 - -1).
3, 5
Let f(g) = -345*g**3 - g**2 - 2*g. List the prime factors of f(-1).
2, 173
Let b = -44 + 48. Suppose -k - b*c + 276 = 2*k, 0 = 4*k + 4*c - 364. What are the prime factors of k?
2, 11
Let v = 536 + -536. Let j be (0 - -32)/(4/10). Suppose v = 6*m - m - j. What are the prime factors of m?
2
Let z be (12/(-10))/((-3)/10). Suppose m - 2*c - 22 = 3*c, 2*c = -4